)/(-6)*(1 - -1). Let v(r) = 10*r + 1 + 2*r**2 - i*r**2 + 2*r**2. Let x be v(10). Calculate the highest common divisor of 11 and x.
1
Let a be ((-70)/49)/(5/(-70)). Calculate the greatest common factor of 70 and a.
10
Let b = -388 + 558. Let z(s) = s**3 - 7*s**2 + 15*s - 71. Let q be z(7). What is the greatest common divisor of q and b?
34
Let c = -23 + 17. Let a be (-1 + -2)/(-1) - (c - 2). What is the highest common divisor of a and 77?
11
Suppose -i + 13*v = 16*v - 27, 4*i - 125 = 5*v. What is the highest common factor of i and 420?
30
Let s be (-4)/(4 - (-188)/(-46)). Suppose -2*r = 2*v - s, -5*v - 4 = -r + 7. What is the greatest common divisor of r and 84?
21
Let x(f) = -f**3 + 9*f**2 + 2*f - 10. Let s be x(-6). Calculate the greatest common divisor of 14 and s.
14
Suppose -14*z = 128 - 310. What is the greatest common factor of 2249 and z?
13
Let h(b) = b**3 + 13*b**2 + 12*b + 9. Let q be h(-10). What is the greatest common factor of q and 54?
27
Suppose 2*w = w + 5. Let z(t) = 2*t + 9. Let i be z(-4). What is the highest common divisor of w and i?
1
Suppose 83 = -2*a + 259. Let f(r) be the first derivative of r**3/3 - 5*r - 2. Let z be f(-4). What is the highest common factor of a and z?
11
Suppose 0 = -4*d - 3*f + 2637, 3*d = -3*f - 2*f + 1975. What is the greatest common divisor of 60 and d?
60
Suppose 4*f + 848 = 2*t, 4*f - 1784 = -5*t + 266. Let d = t - 288. Let y = 22 + -1. What is the greatest common factor of d and y?
21
Let o be 388/7 + 8/14. Suppose o*b = 52*b + 756. Calculate the highest common divisor of 27 and b.
27
Suppose p - 22 + 13 = 0. Calculate the greatest common factor of 333 and p.
9
Let k = -126 + 154. Suppose 9*y = 2 + 61. Calculate the greatest common divisor of k and y.
7
Let m be 59/((-2)/48*-2). Suppose 7*g - 3*y - m = 2*g, 2*g - 304 = -4*y. What is the greatest common factor of g and 18?
18
Let o = 19 + -17. Let b = o + 0. Suppose b*z = 75 - 19. Calculate the highest common divisor of z and 42.
14
Let x be 1/(-1*2/(-26)). Let k = 8 - -59. Suppose -4*s - s - 2*q + k = 0, -23 = -2*s + 3*q. What is the greatest common factor of x and s?
13
Suppose -1 = -c, -5*p - 3*c = -8*c - 580. What is the highest common factor of p and 26?
13
Let g(x) = -x**3 + 6*x**2 + 5*x - 6. Let y be g(5). Let m be -1 + (31 - (2 - 4)) + -4. Suppose 0 = -3*u + m + 5. What is the greatest common divisor of y and u?
11
Let x be 14/(-56) - 22/8. Let p be (5 + -4 + 0)*x. Let t(v) = -v**3 - v**2 + 2*v + 6. Let q be t(p). Calculate the highest common divisor of 144 and q.
18
Let o = 4 - -4. Let g be 40/(-3)*30/(-50). What is the highest common divisor of o and g?
8
Suppose 3*u + 2*l - 110 - 8 = 0, -l = -3*u + 121. Calculate the greatest common divisor of 100 and u.
20
Let o be (-4)/14 - 23/(-7). Suppose 1276 + 206 = -o*r. Let n be r/(-10) - 3/(-5). Calculate the highest common divisor of 75 and n.
25
Suppose 3540 = 5*f - 3*a, -49*f + 50*f - 4*a - 725 = 0. What is the greatest common divisor of 94 and f?
47
Let t = 562 + -457. What is the highest common factor of 165 and t?
15
Let d(o) = 12*o + 101. Let v be d(-8). What is the highest common factor of 13 and v?
1
Suppose -4 = -q - q. Suppose q*c + 10 = 0, 1 = 4*s + c - 46. Calculate the highest common factor of s and 13.
13
Let h be ((-3)/9)/((-4)/96). Suppose -5*m + 455 = h*m. What is the highest common factor of m and 140?
35
Let t = 82 - 43. Suppose -52 = 2*j - 78. What is the highest common divisor of t and j?
13
Let v be (-18)/(-1 - 1) - 1. Let d be (-64)/(-2)*6/v. Suppose -4*z + 3*a = -2*z - 117, -2*a = -6*z + 358. What is the greatest common divisor of z and d?
12
Let k = 30 - 0. Suppose 5*b = -3*i + 22, -b - 5*i + k = 4*b. What is the greatest common divisor of b and 22?
2
Let y(m) = -23*m - 1. Let t be y(-1). Suppose 5*u - 2*u = 4*a + 15, 5*a - 25 = -5*u. Suppose 440 = 2*n - a*n. What is the greatest common factor of n and t?
22
Let j be 45/30*(-560)/(-12). What is the greatest common divisor of 1750 and j?
70
Let z be 0 + 3 - (20 + -35). What is the greatest common divisor of z and 45?
9
Suppose -4*b = -x + 188, x - 2*b + 194 = 2*x. Calculate the highest common factor of x and 80.
16
Let m(d) = -13*d - 57. Let z be m(-5). Suppose -2*c = c - 9. Suppose -c*x + 48 = -0. Calculate the greatest common divisor of x and z.
8
Suppose -3 + 1 = -y. Suppose 4*z + 16 = 0, y*z - 4 = -2*g - 2*z. Suppose 160 = 2*u + 2*u. Calculate the highest common divisor of g and u.
10
Suppose 0 = -59*v + 63*v + 120. Let c be (-1 + 8)/((-15)/v). What is the greatest common divisor of 4 and c?
2
Let h = 75 - 31. Suppose h = 3*v - 55. Let j(z) = -z**3 + 7*z**2 - 7*z + 9. Let d be j(6). Calculate the greatest common factor of d and v.
3
Suppose -4*o + 5*v = -704, -2*o + v - 14 + 360 = 0. What is the greatest common divisor of 1368 and o?
171
Suppose 0 = 6*o - 8*o + 104. Suppose 4*t = 4*r - 56, -86*t + 47 = 4*r - 81*t. Calculate the highest common divisor of o and r.
13
Let a = 8 - 10. Let p be 4/a - 1/(-1) - -40. What is the highest common factor of p and 429?
39
Let l(d) = -6*d - 48. Let a be l(-8). Let x be (2 + (-3 - 30))/(a + -1). Let g be (-4 - -3)/(1/(-31)). Calculate the highest common divisor of x and g.
31
Suppose 11*x + 93 = 368. Calculate the greatest common divisor of x and 200.
25
Suppose u = -2*w - 56, -w + 118 = 5*u + 389. Let v be (-4)/18 + (-2712)/u. What is the highest common divisor of 75 and v?
25
Suppose -55*d + 588 = -1887. Calculate the greatest common divisor of 240 and d.
15
Suppose -j + 2*k = -8, k + 11 = j + 2. Suppose 4*l = -5*w + 25, -7*w + 2*w + 2*l + 25 = 0. What is the highest common divisor of w and j?
5
Suppose 13*w = 2*w + 67716. Calculate the greatest common divisor of w and 76.
76
Let a be (-4 - (-206 - -12))/(2/1). What is the highest common divisor of 95 and a?
95
Let k be 50/(-10) - (2 - -15)*-1. Calculate the greatest common factor of k and 780.
12
Let s = 39 + -21. Let q be 6*s/(-8)*-2. What is the greatest common divisor of 27 and q?
27
Let d(o) = 21*o**2 + 2*o - 2. Let s be d(1). Calculate the greatest common factor of 119 and s.
7
Suppose -w + 5 = -0*w. Suppose 4*j = w*x - 3*x + 2, -4*x + 3*j + 6 = 0. Suppose -x*r = r - 144. What is the highest common divisor of r and 4?
4
Let n(t) = 6*t - 3. Let p be n(1). Suppose -5*a + 188 = g, p*g + 0*g + 102 = 3*a. Calculate the highest common divisor of a and 296.
37
Let p be 1*3*220/33. Suppose -51 = -5*y + o, 4*y - 4*o + o - 43 = 0. Calculate the greatest common factor of p and y.
10
Let s(g) = 11*g**2 + 2*g. Let y be s(-3). Suppose 5*c - 174 = 2*k, 5*k = -3*c + 6*c - y. Let d = -864 + 868. What is the highest common factor of c and d?
4
Suppose 0 = -86*m + 87*m - 48. Calculate the highest common divisor of 208 and m.
16
Suppose -34*i + 2170 = -3*i. What is the greatest common factor of i and 310?
10
Suppose -5*h + 2*h = 2*j - 29, -4*h - 12 = 0. Let t = 3 - -8. Suppose j = 2*a - t. Calculate the greatest common factor of 10 and a.
5
Suppose 0 = -8*c + 1196 + 316. What is the highest common divisor of c and 27?
27
Let s(j) = 27*j**2 + 7*j - 10. Let f be s(4). Let q = f - 261. What is the greatest common divisor of 21 and q?
21
Let k be (-1)/(2*4/16). Let s be k/3*(-57)/2. What is the highest common divisor of s and 171?
19
Let p(y) = -4*y**3 - 42*y**2 - 19*y + 19. Let k be p(-10). Calculate the greatest common factor of 2 and k.
1
Let z = 273 - 138. Calculate the greatest common divisor of z and 5.
5
Let w(y) be the third derivative of -y**6/120 - 2*y**5/15 - y**4/3 + y**3/3 - 3*y**2. Let k be w(-7). Calculate the highest common divisor of k and 6.
3
Let c = -356 - -433. What is the greatest common factor of c and 2?
1
Let v = 401 - -3000. What is the greatest common factor of 19 and v?
19
Let a be 21/(-24) + 1 + (-4865)/(-56). Suppose -1943 = -14*h + a. Calculate the greatest common factor of h and 58.
29
Suppose x - 5*p - 19 = 26, 4*x = 3*p + 163. What is the greatest common divisor of 170 and x?
10
Let y be (480/(-28))/(2/(-14)). Let w = 10 + -8. Let r be w - ((-39)/3 - 0). What is the highest common divisor of r and y?
15
Suppose -4*b + 2 = -2. Suppose -51*l = -4*l - 235. Calculate the highest common divisor of l and b.
1
Suppose 4*a + 11 = -l, 0*l + 2*a + 30 = -4*l. Let j = -3 - l. Suppose j*b + b = 375. What is the greate